- 6)).
10
8 - (2 + -1 - (60 - 94)) - -6
-21
What is -13 - (-63 + 55 + 5 + 1)?
-11
What is -1078 + 1063 - (1 + 12)?
-28
What is the value of -14 - -7 - (9 - 32)?
16
Evaluate 38 - (35 + -41 + 75).
-31
What is the value of 21 + (-5 + -2 + 7 - 11)?
10
Evaluate -3 + 4 + -7 + 7 + (2 - 5).
-2
Evaluate 21 + (18 - (15 + -3 + 2)).
25
Evaluate 11 - (-6 + 7 + 13).
-3
What is -15 - (43 + -41 + -1 + 6)?
-22
(-3 - -15) + -2 + 66 + -72
4
Evaluate -12 + -13 - -18 - 7.
-14
74 + -57 + (-2 - 22)
-7
Calculate 27 + (14 - (-2 + 32 - 1)).
12
What is (3 - 1 - 2) + 8 + -23?
-15
Evaluate 7 + (-5 - -8 - 14).
-4
4 + -12 + (-4 - -14) + -5
-3
Calculate 0 + 8 - (-208 + 217).
-1
Calculate (-26 - (19 + -41)) + (-1 + 15 - -1).
11
What is the value of 29 + -7 + -123 + 97?
-4
What is the value of -10 + 9 - -24 - 42?
-19
What is the value of -1 + (10 - 3) - (10 - (-9 + 0))?
-13
3 + 6 + (-87 - -96)
18
What is the value of 7 + 5 + -7 + 7 - 6?
6
-534 + 577 - (2 - -23)
18
Evaluate -11 + (2 - (6 - 16) - (-22 + -2)).
25
Evaluate -13 + (2 - (-3 + 2)) + -10.
-20
3 - ((9 - 17) + 8 + (-7 - 5))
15
What is -5 + (13 - 20) + 3?
-9
Evaluate -22 - (-6 - -3 - (-70 + 76)).
-13
Evaluate (-6 - 1) + (-4 - -3 - (-3 - 5)).
0
Calculate (7 - -1) + -2 - (19 + (-20 - -15)).
-8
Evaluate 33 - 96 - (-46 - -17).
-34
Calculate -38 - -78 - 42 - (4 + 0).
-6
What is the value of -129 + 110 - (-9 - 1)?
-9
What is 1 + 8 + (-3 - -6) - -11?
23
What is (8 - (6 + (-6 - -11))) + -15?
-18
Evaluate -13 + 0 + 10 + -41 + 23.
-21
What is 5 + -5 + (17 - (-10 + 20))?
7
What is 6 - ((-6 - 1) + -11 - -10)?
14
What is the value of (-19 - -10 - -8) + 33 + (2 - 9)?
25
-5 + -16 + 8 + 15
2
Evaluate 11 + (3 - 10 - 8).
-4
What is (9 - 68) + -65 + 99?
-25
Evaluate -1 - ((5 - 11) + 9 + -7).
3
Evaluate 5 + -2 + (-78 - -79).
4
(-17 - -2) + 6 + 0
-9
Calculate 9 - 19 - (14 - 8 - 43).
27
What is (-22 - (-1 - 1)) + (-39 + 15 - -14)?
-30
Calculate -219 + 222 + -10 + 0.
-7
Calculate 6 + -17 + -6 + 32 - -19.
34
Calculate -12 + 3 - -10 - -9.
10
Calculate (2 - 8) + 65 + -73.
-14
Evaluate 1 + -6 - (-12 + 18 + 3 + -13).
-1
31 + -8 + 3 + -16
10
What is the value of 11 + (-10 - (6 + 4 + 9 + -2))?
-16
What is -15 + -16 + 26 + 5 + 1?
1
What is (-5 + -7 + 2 - -10) + -3 + 6?
3
What is 6 - (12 + (46 - 60 - (0 - 1)))?
7
What is the value of -21 + (0 - (2 + 4 - 7 - 4))?
-16
Evaluate (-1 - 6) + -10 + (6 + -3 - -4).
-10
Evaluate 10 - (-59 + (23 - -15)).
31
178 + -177 + (0 - -17)
18
What is 8 + (3 + -9 - -5) + -18?
-11
What is (0 - -3) + 2 + -15 + -14 + 28?
4
What is (0 - -20) + -8 + -14 + 10 + 7?
15
Calculate -22 + (-35 - -27) + 13.
-17
Evaluate 18 - (7 - 0 - -1).
10
What is (-1 - -4) + (-9 - 4 - (-1 - 17))?
8
Evaluate -3 + 2 - (4 + 2 - (15 + -2)).
6
What is the value of -32 + 28 + (3 - 3)?
-4
-1 + 2 + -7 + (16 - 2)
8
Evaluate 63 + -54 + -25 + -1 + (-1 - -1).
-17
Evaluate -7 - (-7 - (12 - 5)).
7
What is the value of -1 - (1 - 2 - (-2 + -1) - -1)?
-4
Calculate -7 + 3 + 29 + -38.
-13
What is -22 + (103 - 78 - (9 + -1))?
-5
What is the value of -4 + 7 + -15 + 3?
-9
Evaluate -23 + 1 + (27 - (47 - 25)).
-17
((-6 - -9) + 3 - 4) + 7
9
What is the value of 25 + (-1 - 13 - (-10 + 9 - 9))?
21
What is 7 - ((-16 - -12) + 8)?
3
Calculate 6 + -5 - (-277 + 248).
30
-2 + -9 + 3 + 3 + -1
-6
What is -29 + 14 + -2 + -9 + 7?
-19
What is -15 - (24 + (-36 - 10))?
7
Evaluate 8 + (4 - (-11 + 13 + 3)) + -11.
-4
Evaluate 4 + -14 + 10 + 4 - (14 + 1).
-11
What is the value of 7 + 32 + -22 + -30 + 2?
-11
11 + (-21 - (-22 - -4 - -7))
1
1 - 1 - 12 - -16
4
What is (5 + -9 - (-17 + 10)) + -12?
-9
0 + 3 + (73 - 70) - -8
14
What is the value of 0 + 1 + 25 + -32 - 0?
-6
What is 0 + 8 + 15 + -5 + -39?
-21
Calculate -2 + (5 - ((13 - 5) + 6)).
-11
-2 + -13 + 17 + 6
8
What is the value of (1 - 2) + (592 - 578)?
13
Evaluate (0 - 25) + (51 - 44) - -5.
-13
Evaluate 78 + -77 - (-6 - 0 - 12).
19
What is 61 + (-21 - 4) - 20?
16
What is the value of -8 - -9 - (-3 - -5 - -2)?
-3
What is (2 - (-6 - 0)) + (51 - (-28 - -102))?
-15
What is (-2 - (3 + -1 - (-3 - -11))) + -1?
3
What is the value of (0 - (16 - 4)) + -1?
-13
Calculate -4 - ((-18 - -14) + -6).
6
Calculate 2 + (4 - -13) + 83 + -130.
-28
What is the value of -42 + (-7 - (32 - 64))?
-17
Evaluate (-1 + 7 - 5) + 5 + -6 - 5.
-5
Calculate 3 + (7 + 0 - -2) + -15.
-3
Calculate -41 + 32 - (0 + 3 + -1).
-11
25 + (5 - 17) - -2
15
Calculate 10 + (-4 - (-1 + -6) - (15 - 3)).
1
Evaluate -4 + 4 + -3 + 5 + 1 + 0.
3
What is the value of (1 - -12 - 6) + -21?
-14
Evaluate -74 - -64 - (-1 - (2 + 1) - -1).
-7
Evaluate -31 + (29 - -19) + -50.
-33
What is 10 + 5 - (24 - 38)?
29
Evaluate -22 - (-8 + -3 + 4 - (2 - -2)).
-11
What is the value of 2 + -1 + 32 - (27 + -49 + 24)?
31
Calculate -17 - 0 - (199 - 203).
-13
What is the value of 61 + 3 - 45 - (0 + 3)?
16
What is (-5 - 1) + 51 + -50?
-5
What is 26 + -12 + 3 + (-11 - 0)?
6
Calculate 9 + -19 + -11 + 13.
-8
-3 + -4 + 6 - (-3 - (-4 + 16))
14
Calculate -2 + 3 + -11 - (9 + -7 + -8).
-4
What is -10 + 33 + -8 + -5?
10
Calculate (-2 - 12) + -350 + 345.
-19
Calculate -21 + 39 - (27 - 19).
10
What is the value of 6 - (2 - 3 - (3 + 1))?
11
What is 258 - 272 - (-1 - (1 + 6))?
-6
What is the value of 2 + 8 + (-1 - (0 + -2)) + -16?
-5
What is 9 + (-9 + -1 - (-196 - -178))?
17
Evaluate 44 + 0 - (-484 - -506).
22
(-2 - 0) + (12 - (8 + 1)) + -15
-14
What is the value of 6 + (-5 - (-4 + 8)) + (17 - 3)?
11
What is the value of 10 - (0 - 0 - (80 + -89))?
1
What is the value of -7 + 4 + 14 + -43 + 8?
-24
What is -4 + (-21 - -4) + 0 + 8?
-13
22 - (15 - (-6 + 5))
6
What is the value of 4 - (-17 + 17 + 3)?
1
30 + -16 + 2 + (48 - 37) + 0
27
What is the value of 15 - (8 + (-8 - 1) + 3)?
13
Calculate -98 + 103 + (15 - 8).
12
Calculate -7 + 10 + 3 + (-5 - (-16 - -6)).
11
What is 15 - (14 + -5) - (3 + 3)?
0
22 - (-2 + 12 + -3 + 3)
12
What is 1 + -8 + -1 + 9?
1
Calculate -919 + 922 - (-19 - -1).
21
What is (5 - 6) + -2 - -4?
1
What is the value of 38 + (-12 - (2 + -13) - 12)?
25
What is -3 + -14 + 9 - -7?
-1
What is the value of 2 - (-9 + 14 - (-3 - -5))?
-1
Evaluate (-1 - -3) + (-57 - -58) - -12.
15
What is the value of -8 + 3 + 5 - 4?
-4
(34 - 18) + 28 + -38
6
8 - (30 + -10) - -20
8
Calculate (-29 - -10) + (-3 - -22) + 17.
17
Evaluate 9 - 2 - (-17 - -21 - 0) - 33.
-30
Calculate 23 - (13 + (-35 - -18)).
27
What is -4 - -7 - 4 - (17 + -5 + -5)?
-8
46 - 42 - (0 - 31)
35
32 + -37 + 1 + 6 - 1
1
Calculate (-9 - -21) + (-8 - -2 - -1).
7
4 + -12 - 4 - -13
1
What is -7 - (4 + -13 - -13 - (4 - 8))?
-15
What is 7 + (-2 + 22 - 20)?
7
Evaluate 10 - (17 + (23 - 17) + 1 + -3).
-11
Evaluate (0 - -21) + (37 - 39).
19
Calculate ((6 - 1) + 8 - 3) + 7.
17
Calculate (11 - 2) + (-3 - (3 + 1)).
2
Evaluate -1 - 0 - (-3 - -1) - (35 + -24).
-10
What is the value of -6 - (40 + -27 - 6)?
-13
Evaluate 5 + (-16 - (-6 - -7)) + 5.
-7
Evaluate 1 + -4 + 6 - 13 - (7 + -40).
23
21 - 17 - (-43 + 14)
33
-14 - (-10 - (-16 + -11))
-31
Evaluate -10 + -10 + 13 - (25 + 1) - 4.
-37
Calculate 6 - -3 - ((-2 - -20) + -2 + -10).
3
What is the value of (6 - -25 - 19) + -25?
-13
-7 + 17 + -19 + -2 + 0
-11
What is the value of (5 + -6 - -1) + 30 + (94 - 105)?
19
Calculate -15 + (-17 - 1 - -34).
1
-1 - -4 - (-8 + 29 + -10 + 2)
-10
What is the value of -21 - (-11 - 6) - 2?
-6
What is the value of (-1 - -3 - 5) + -4 + 8 + 3?
4
-5 - (-9 + -7 + -13 + 15)
9
Evaluate 17 + (-3 + 0 - 8).
6
Evaluate (7 - 2) + -1 - ((51 - 3) + -53).
9
What is the value of 10 - (5 - 0 - -14)?
-9
Calculate -3 + 1 + -1 - (235 - 233).
-5
What is 0 + 22 + 0 + 5 + -18?
9
Evaluate 44 + 0 - (29 - 6).
21
Calculate 8 - 3 - 6 - (-4 - -5).
-2
What is the value of -10 + 1 + (41 - -1 - 29)?
4
What is the value of 1 + (-16 - -1) - (487 - 486)?
-15
Calculate 11 + -11 + 30 - 17.
13
Calculate 8 - ((6 - 6) + -1).
9
What is the value of -3 + -21 + (4 - -9) + (-2 - -12)?
-1
Calculate 35 - 25 - (7 - 0) - 15.
-12
Calculate (-16 - (-1 - 7)) + 0.
-8
What is 3 + (4 - (0 - -20) - -8)?
-5
Evaluate (0 - 8 - (-24 + 21)) + -17.
-22
Calculate (0 - 0) + (1 + -16 - (385 + -373)).
-27
What is (18 - 8) + -3 + -1 + 4?
10
(1031 - 984) + 1 + -21
27
Calculate 2 - (34 + -2 + (4 - 23 - -9)).
-20
Calculate 7 - (91 + -83 + -1 + -3).
3
-26 + 41 - (-2 + (0 + -2 - 0))
19
Calculate 20 - 13 - (0 + -8 - 0).
15
Calculate -4 - 8 - -4 - (-3 - -3 - 5).
-3
Calculate (7 - -1 - 2